s + 15. Suppose 0 = -4*r + 5 + s. Calculate the greatest common factor of r and k.
5
Let c be (-4 + 1)*10/(-6). Suppose 3*w - 15 = -2*w. Suppose w*h - h - 10 = 0. What is the highest common divisor of c and h?
5
Let d = -3516 + 3533. Let q be (2 - -186) + 1 + -2. Calculate the highest common divisor of d and q.
17
Suppose k = -4*i + 19 + 36, 80 = 4*i - 4*k. What is the highest common factor of i and 480?
15
Let p be (-10)/(-3)*2496/80. Calculate the highest common divisor of p and 1.
1
Let a = -26 + 39. Let d(f) = f**2 - 28*f - 27. Let t be d(30). Suppose -t = -2*h - a. What is the greatest common factor of 100 and h?
10
Suppose -2*m = -4*s + 158, 5*s - 4*m - 200 = -2*m. What is the highest common divisor of 182 and s?
14
Suppose -5*k + 3*k + 65 = 3*z, 0 = -4*k + 5*z + 185. Let t = -53 - -73. What is the highest common factor of k and t?
20
Let f(o) = o**2 - 8*o - 7. Let s = -2 - 18. Let n = s - -29. Let j be f(n). Calculate the highest common divisor of j and 16.
2
Suppose 3*p - 31 + 7 = 0. Let z be (-8)/(p/12*9/(-12)). What is the greatest common factor of 24 and z?
8
Suppose -5*v - 4*b = 6 + 9, 4*b + 9 = -3*v. Let j be (0 - (-2 + 2)) + v + 19. Let f = 0 + 4. Calculate the greatest common factor of f and j.
4
Suppose -8156 + 1783 = -5*u + o, -4*u = -3*o - 5105. What is the highest common factor of u and 26?
26
Suppose r = 5*j - 5047, -5*r = -12*j + 8*j + 4025. Calculate the greatest common factor of j and 10.
10
Let f(h) = h**2 + 2*h + 4. Let a = 20 + -22. Let k be f(a). Calculate the greatest common divisor of k and 32.
4
Let k = -336 + 842. Suppose -6*o + 186 = -90. Calculate the greatest common divisor of k and o.
46
Let c = -28 + 16. Let b(y) = -y**3 + 12*y**2 + 14*y + 1. Let s be b(13). Let x = c + s. What is the highest common factor of x and 22?
2
Let q(g) = 66*g**2 + 10*g + 11. Let v be q(-3). Calculate the highest common divisor of v and 46.
23
Suppose 1 = -2*l + 2*d + 3, 5*d - 31 = -4*l. Let b be -2 - ((-62)/4 - (-9)/6). What is the greatest common factor of b and l?
4
Let b be ((-14)/(-8))/((-1)/(-4)). Let f = 5 + -2. Suppose f*m = 71 + 97. What is the greatest common factor of b and m?
7
Suppose -10*n = -22*n + 144. Calculate the highest common factor of n and 108.
12
Let i be 2/8 - 66/(-24). Suppose i + 0 = g. Let f be 30/g*(4 - 2). Calculate the greatest common factor of 50 and f.
10
Let z(k) = -28*k - 870. Let n be z(-32). What is the highest common divisor of 481 and n?
13
Suppose -3*r = -w - 14, -2*r - w = w + 4. Suppose -r*f - 15 = -84. Let z(n) = -n**2 - n + 184. Let y be z(0). What is the greatest common divisor of y and f?
23
Let k be (1 - 21)/5 - -193. What is the greatest common divisor of k and 126?
63
Suppose 5*d = -4 + 34. Let g(k) = -k**3 + 6*k**2 - 5*k. Let r be g(2). What is the highest common factor of d and r?
6
Let a(s) = 4*s**2 - 4*s + 5. Let h be a(5). Let d = 5 - 2. Suppose -10 = -5*w, 0 = d*x - 8*w + 3*w - 92. Calculate the greatest common divisor of h and x.
17
Let m = 43 + -43. Suppose v = -m*v + 30. What is the highest common factor of v and 75?
15
Let f(n) = -n**2 + 11*n - 4. Let i be f(9). Suppose h - 4*g - 2 = 0, -5*h + 76 = 4*g - 2*g. Calculate the highest common divisor of i and h.
14
Let z be ((-4)/(-2))/((-1)/(-20)). Suppose 12*w = 4*w + 128. Calculate the highest common factor of w and z.
8
Let u(n) = -n**3 + 7*n**2 - 7*n + 4. Let y be u(5). Let v = -38 + 46. Suppose 2*k + v*k - 190 = 0. Calculate the highest common factor of k and y.
19
Let b = 269 + -109. Let u = -7 + -13. Let i be (-144)/(-45)*u/(-2). What is the highest common factor of b and i?
32
Suppose -2*h + 5*a + 3 = 8, -2*a = -h - 2. Suppose -3*q - 11 - 11 = -2*i, 5*i + 5*q - 5 = h. Calculate the highest common factor of i and 15.
5
Let l = -77 - -87. Let t be 18/(-30) + 166/l. Calculate the greatest common divisor of t and 128.
16
Let d be 6 - ((-2)/4)/((-2)/(-4)). Suppose 5 = d*x - 37. Let a(f) = 2*f**3 - 6*f**2 + 7*f - 6. Let k be a(4). Calculate the highest common factor of k and x.
6
Suppose 0*p = 5*p, -4*p + 5060 = 4*u. Calculate the greatest common factor of u and 55.
55
Suppose 5*u = 3*h - 174, 4*h - u = u + 232. Suppose -r + 62 = h. Calculate the highest common divisor of 52 and r.
4
Let r(y) = -4*y - 6. Let x be r(-2). Calculate the greatest common divisor of 6 and x.
2
Let t be 451 - (-5 - 35)/10. Calculate the greatest common divisor of 105 and t.
35
Suppose 0 = 74*x + 6028 - 45618. Calculate the greatest common divisor of 25 and x.
5
Let q be 12/((4/7)/(8/28)). What is the highest common divisor of q and 42?
6
Suppose 0 = 4*l + l + 245. Let z = l - -65. What is the greatest common divisor of z and 24?
8
Suppose -5*b + 25 + 6068 = 4*n, -b = 2*n - 3039. Calculate the greatest common factor of n and 41.
41
Let x(f) = -f**3 + 5*f**2 + 10*f - 9. Let u be (-1 - 2) + (12 - 3). Let k be x(u). What is the greatest common factor of 15 and k?
15
Suppose -2*f - 4*b - 140 = 100, 3*f + 351 = 3*b. Let n = 190 + f. Calculate the greatest common factor of 36 and n.
36
Let v = 322 + -309. What is the highest common divisor of 208 and v?
13
Suppose -3*r = -15, 33 = 4*q + 4*r + r. Suppose -u = -q*u + 30. Suppose u = -0*m + 5*m. Calculate the highest common factor of m and 9.
3
Let n be 2 + -1 - -10 - (-2)/(-2). Calculate the highest common factor of n and 6.
2
Suppose -45 = 4*h - 165. Let n = 33 - h. Calculate the greatest common factor of 21 and n.
3
Let h(m) = 8*m + 36. Let v be h(-7). Let g = v + 35. Calculate the greatest common factor of 45 and g.
15
Let v(y) be the second derivative of -y**4/12 + 5*y**3/6 - 8*y. Let k be v(3). Calculate the highest common factor of 48 and k.
6
Let p be (13 - (-3 + 3))*2. Let g = -12 + p. Calculate the greatest common factor of 112 and g.
14
Suppose 2*p = 2*m - 162, 0 = -4*m + 2*m + 4*p + 162. Suppose 3*s - 2*s = m. Calculate the highest common factor of 9 and s.
9
Let x(b) = 0*b + 2*b + 2*b**2 - b**2 + 1. Let m be x(-3). Suppose 53 = 3*w + 5*s, 6*w = 4*w - s + 33. Calculate the greatest common divisor of m and w.
4
Suppose -41*p + 2496 = 23*p. Calculate the greatest common divisor of 221 and p.
13
Let a be (0 - 0) + 27/9. Suppose -a*p + 11 = 5. Suppose -2*k + p*s = -2 - 0, k - 3*s = -7. Calculate the greatest common divisor of k and 45.
5
Let m = 69 + -59. What is the greatest common divisor of m and 145?
5
Suppose 96 = y - 24. Let k = -47 + 38. Let u be 13 + 0 + (1 + k)/(-4). Calculate the greatest common divisor of u and y.
15
Let q be (-366)/13 - (-6)/39. Let a be (-113)/(-4 + q/(-8)). Suppose -6*r - a = -2*o - 2*r, -5*o = -r - 574. Calculate the greatest common factor of 23 and o.
23
Let k be (6 - -18)*(-7)/(-14). Let d(z) = 3*z**2 + 2*z + 5. Let y be d(-7). Suppose -186 = -3*x + y. Calculate the greatest common divisor of x and k.
12
Let v = -8 - 23. Let s be -3 - -1 - (v - -15). What is the greatest common factor of 42 and s?
14
Let z = -190 + 221. Calculate the highest common factor of 124 and z.
31
Let t(u) = -u**3 + 6*u**2 - 6*u + 6. Let q be (-19)/(-4) - 2/(-8). Let x be t(q). Let n be 4/22 - (-776)/88. What is the highest common factor of x and n?
1
Suppose -5*r = d - 175, -9*d + 10*d - 70 = -2*r. What is the greatest common factor of 21 and r?
7
Suppose 7*p = 3*p. Suppose -6*k + k + 15 = p. Suppose -k*z + 40 = z. Calculate the highest common divisor of 4 and z.
2
Let u(g) = 3*g**2 - 3*g + 1. Let b be u(1). Suppose -b + 13 = 4*z. Suppose -z*d + 10 = -d. What is the greatest common divisor of 35 and d?
5
Let g be 2/(-8) - 1058/(-8). Let n = 7 - -15. What is the highest common factor of n and g?
22
Let n = -178 - -98. Let u = -42 - n. Let d(h) = 39*h**2 - h - 2. Let r be d(2). Calculate the highest common factor of r and u.
38
Suppose 0 = -3*y + 5*m + 35, -4*y - 7*m + 95 = -y. Calculate the highest common divisor of 1 and y.
1
Suppose 4*z - 10 = -u + 2*z, -2*u = -5*z - 11. Let p be (-3)/6*174/(-3). Let l = p + -5. Calculate the highest common factor of l and u.
8
Let b be ((-1)/2)/(3/(-240)). Suppose 120 = 3*r + 3*q, 0 = -r - q - q + b. Suppose -4*v = v - r. What is the highest common factor of v and 32?
8
Suppose -3*x = 7*x - 960. What is the greatest common factor of 120 and x?
24
Let l(d) = 8*d + 181. Let j be l(-21). Calculate the highest common factor of j and 416.
13
Suppose -10*v =